reatest common divisor of t and 8.
4
Suppose -140*x = -142*x + 6. Let m be -42*((-3)/1)/(x/6). Calculate the greatest common factor of 56 and m.
28
Let s(t) = t**2 - 194*t + 2852. Let n be s(16). What is the highest common divisor of n and 14?
2
Suppose -18*s + 17*s + 671 = 5*f, 3*f = 3. Calculate the greatest common factor of 370 and s.
74
Suppose -7*c + 32 + 2236 = 0. Let o be ((-42)/56)/((-3)/c). Calculate the highest common divisor of 18 and o.
9
Let n(d) = -5*d + 3 + 7*d - 5 + 7. Let i be n(0). Suppose i*x = -u + 70, -2*x = x. Calculate the greatest common divisor of 175 and u.
35
Let j = 44 - 29. Let a(b) = b**2 + 8*b + 21. Let o be a(-14). Calculate the highest common factor of o and j.
15
Let j(w) = 15*w**2 + 5*w - 26. Let q = 74 + -70. Let k be j(q). What is the highest common divisor of k and 26?
26
Let k be (-1 + 139/(-2))*(-344)/516. Let g(j) = 65*j + 4. Let z be g(5). Calculate the highest common factor of z and k.
47
Let k = 1713 - 1020. What is the highest common factor of 616 and k?
77
Let c(s) = -94*s**2 - 4*s - 5. Suppose -3*o = 7 - 4. Let t be c(o). Let f = t + 149. Calculate the highest common divisor of f and 378.
54
Suppose -12*r = -z - 15*r + 119, -8 = 2*r. What is the highest common divisor of 2 and z?
1
Let p = -5641 - -8014. What is the highest common divisor of p and 21?
21
Let b(r) = -6*r - 28. Let z be b(27). Let j = -92 - z. Calculate the highest common divisor of 49 and j.
49
Let q(z) = -7*z**3 - z**2 + 6*z + 7. Let d be q(0). Calculate the highest common divisor of d and 301.
7
Let t(f) = f**3 + 23*f**2 + 107*f - 8. Let x be t(-16). Calculate the greatest common factor of x and 64.
8
Let h be 5 + -5 + 1 - 5019/(-7). Let o be (-8)/12*(4 - h). What is the highest common divisor of o and 14?
14
Suppose -5*k = -5*m - 160, 0*k + m = 4*k - 119. Let p be (36/(-63))/(3/7)*646323/(-1292). What is the greatest common factor of p and k?
29
Let t = 248 + -242. Let q be t/(-8) - (6 - (-655)/(-20)). What is the greatest common factor of q and 78?
26
Suppose -4*n + 1347 = -5*a, 3*n - 2*a = 292 + 713. What is the highest common divisor of 629 and n?
37
Suppose 49*i - 47*i - 832 = 0. Calculate the greatest common divisor of i and 480.
32
Let m be (30/5)/(0 - -1). Let n be (-4 + 22/m)*-6. Suppose -n*v - 4*l - 6 = 10, -2*l = -2*v + 14. What is the highest common divisor of 16 and v?
2
Let m be (((-120)/(-16))/(-15))/((-3)/14934). What is the greatest common factor of 19 and m?
19
Let d(v) = 6*v**3 + 2*v**2 - 13*v + 14. Let b be d(4). Let k = 448 - b. Let i be ((-15)/(-10))/(3/40). What is the highest common factor of i and k?
10
Let g = 325 + -316. Suppose -3*c = 7*q - g*q + 62, -78 = -2*q - 5*c. Calculate the highest common factor of 85 and q.
17
Let x be 62/4*2*5. Let h = x - 148. What is the greatest common factor of 112 and h?
7
Suppose -214*a + 244 = -160*a - 350. What is the highest common factor of a and 6105?
11
Let c(u) = -u**3 - 82*u**2 - 32*u - 256. Let a be c(-84). What is the highest common factor of a and 264?
88
Let g(u) = -3*u + 6. Let f be (-12)/18*(0 - (-2 + -1)). Let x be g(f). Calculate the highest common factor of 42 and x.
6
Let o(i) = -2*i**3 + 20*i**2 - 20*i + 37. Let h be o(8). What is the greatest common divisor of 119 and h?
7
Suppose -24*s + 20*s = -8, 0 = -3*a + 2*s + 317. Calculate the highest common divisor of a and 214.
107
Let a be (-5 + (-44)/12)*(-4185)/90. What is the greatest common factor of a and 260?
13
Suppose 2*h = -5*t - 8 - 6, -5*t = 4*h + 18. Let q be (4 - 4/((-8)/t)) + 97. What is the greatest common factor of 60 and q?
20
Let q = -75 + 149. Let u = -7 - -7. Suppose 4*w = -2*o + q, 0 = -4*o - u*o - 12. Calculate the greatest common divisor of w and 5.
5
Suppose 3*b = 2*b + 18. Let l(k) = -k**2 - 11*k + 255. Let s be l(-21). Calculate the highest common factor of b and s.
9
Suppose -2*x + 105 = -2*k - 213, -4*k = 5*x - 750. Calculate the highest common divisor of 112 and x.
14
Let w(y) = -601*y - 8210. Let m be w(-14). Calculate the greatest common divisor of 2584 and m.
68
Let m(r) = 3*r**3 + 86*r**2 - 62*r - 32. Let w be m(-14). Calculate the greatest common factor of 176 and w.
44
Let y = 3040 - 459. What is the highest common factor of y and 89?
89
Let p = -177606 + 177614. Let w = 164 + -56. Calculate the highest common factor of p and w.
4
Suppose -2*u - k = -3, 5*u + 11*k = 16*k - 15. Suppose 0 = 3*h - 4*a - 109, 0 = h + 4*a - u - 31. Calculate the greatest common divisor of 77 and h.
7
Let j(a) = 7*a**2 - 31*a - 1. Let n be j(5). Let f be -1 + 0 - -4 - 0. Let b be ((-12)/(-10))/(f/190). What is the greatest common divisor of n and b?
19
Let l = 1047 + -914. What is the highest common factor of l and 112?
7
Suppose 2*b - 5*b + 71 = 4*k, -2*b - 60 = -5*k. Suppose -26*r + 77*r = 33558. What is the highest common divisor of r and k?
14
Let j(z) = 22*z - 438. Let x be j(20). What is the greatest common factor of x and 369?
1
Suppose -i = 3*i - 8. Suppose 4*o - y = -569, -2*y + 4 - i = 0. Let z be (-1 - o/4) + (-24)/(-48). Calculate the highest common divisor of z and 35.
35
Let p = -5979 + 10093. Calculate the greatest common divisor of p and 34.
34
Suppose -538*k = 141816 - 152576. Let w(n) = -3 + 10*n**2 + 3*n + 7 - 4*n. Let z be w(4). What is the greatest common divisor of z and k?
20
Let i(y) = y**3 - 3*y**2 - 6*y - 10. Suppose -5*c = -0*c - 35. Let d be i(c). Suppose 0 = -4*u - 0*u + d. Calculate the greatest common factor of u and 4.
4
Let x = 7794 + -7782. Calculate the highest common divisor of 249 and x.
3
Let f(n) = n**2 + 56*n - 529. Let i be f(-65). Let s = -20 - -34. Calculate the highest common factor of s and i.
14
Suppose -13*u = 5*o - 15*u - 410, -3*o - u = -235. Suppose 1880 = 7*r - o. Calculate the highest common divisor of r and 35.
35
Let r(l) = 62*l - 69. Let q be r(12). Let t be 2/4 + q/18. What is the highest common factor of 475 and t?
19
Let d = -30 - 136. Let j = d - -183. Calculate the highest common factor of j and 272.
17
Suppose 2*g = 3*x - 20, -5*x + 16 = g - 0*g. Let z = -24 - -28. Suppose -x = -z*f + 128. What is the highest common factor of f and 22?
11
Suppose 8 = -31*m + 33*m. Let f be m/(-18) + 200/90. What is the greatest common divisor of 2 and f?
2
Suppose -5*w = 3*l - 0*l - 235, -4*w + 171 = -l. Let a = w + -30. Suppose -4 = -a*i + 12*i. Calculate the greatest common divisor of 2 and i.
2
Let n(s) = -26*s + 1805. Let b be n(19). What is the highest common factor of 138 and b?
69
Suppose -h - 240 = -5*h. Let c(d) = 21 + 3*d**2 + 11*d + 10*d**2 - 15*d**2. Let x be c(6). Calculate the greatest common divisor of h and x.
15
Let p(n) = 7*n**3 + 19*n**2 - 100*n - 71. Let o be p(7). What is the highest common divisor of 104 and o?
13
Suppose 0 = -0*o + o - 56. Suppose 12*x - 14*x = o. Let l = -18 - x. What is the highest common factor of l and 10?
10
Let x(k) = -114*k + 576. Let o be x(5). Let z(a) = a**3 + 8*a**2 - 3*a - 15. Let g be z(-8). What is the greatest common divisor of g and o?
3
Suppose 5*i - 1191 - 1184 = 0. Let m(q) = -3*q**2 - 666*q - 1295. Let a be m(-220). What is the highest common factor of i and a?
25
Let x = 8795 + -8603. What is the greatest common factor of 12096 and x?
192
Let k(c) = -29*c - 616. Let o be k(-22). Let h be (5 + -5)*(-2)/4. Suppose 2*q - 8 = u + u, h = -3*u. Calculate the highest common factor of o and q.
2
Suppose -23*f = 5*b - 27*f - 110, -2*b + 44 = -3*f. Calculate the greatest common divisor of 1375 and b.
11
Suppose -4*a = 2*j + 20, -j + 2*j - 15 = 3*a. Suppose j = 5*y - u - 8 - 155, 0 = u + 3. What is the highest common factor of y and 152?
8
Let a be 104/156*1/2*-3. Let k be 132/(-88)*(a + -13). What is the highest common divisor of k and 15?
3
Let v(y) = 38*y - 116 + 34*y - 126*y + 41*y. Let g be v(-11). Calculate the highest common divisor of g and 1.
1
Let t(z) = 12*z + 12. Let p be t(1). Suppose 16 = 2*b - 0*b + 4*n, 3*b - p = -4*n. Calculate the greatest common divisor of 20 and b.
4
Let m(n) = 5*n**2 + n - 2. Let b be m(1). Suppose -b*a + 9 = -a. Let v = 579 + -564. Calculate the greatest common factor of v and a.
3
Let y be (9/(-36) - 1)*252/(-35). What is the greatest common divisor of y and 2718?
9
Suppose 0 = -5*f + 15, -4*i + 3*f = -10 - 25. Suppose y + 3*k - 61 = 0, 5*y - 384 = 2*k - i. 